-3
Let d(k) be the second derivative of k**3/6 + k**2 - 2*k. Let t(v) = 2*v + 5. Let s(y) = 5*d(y) - 3*t(y). Let l = 2 + -2. What is s(l)?
-5
Let r(p) = -p**3 - 5*p**2 + 3*p + 2. Suppose -15 - 10 = 5*w. Let y be r(w). Let d = -19 - y. Let q(s) = -s**3 - 5*s**2 + 7*s + 5. What is q(d)?
-1
Let a(b) = -3 + 2*b**2 - 10*b + 5*b - b**2. What is a(4)?
-7
Let y be ((-70)/(-245))/(2/(-28)). Let l(d) = 7*d + 2. Give l(y).
-26
Let x be (3 - 0)/(6/4). Let u(q) be the first derivative of 6*q - x + 1/2*q**2. Calculate u(-3).
3
Suppose 5*t - t = 0. Let g(h) = -2*h - 1. Let l(y) = y + 1. Let w(o) = 3*g(o) + 5*l(o). Calculate w(t).
2
Let q(d) = -d**2 - 8*d + 13. Suppose 0 = -59*j + 55*j - 36. Calculate q(j).
4
Let y(k) = 3*k**2 - 8*k + 6. Let b(d) = -8*d**2 + 24*d - 18. Let p(h) = -4*b(h) - 11*y(h). Let r(t) be the first derivative of p(t). Give r(-6).
4
Suppose -5*o = -3*j + 2 - 15, -4*o = 5*j - 40. Suppose 2*w + 2*y = 12, 4*w - j*y + 12 = 2*w. Let u(a) = -a**3 + 2*a**2 - 3*a. Calculate u(w).
-6
Suppose 3*p = p + 2. Let c be p - -1 - (1 + 1). Let x(u) = -u + 5. Calculate x(c).
5
Suppose 3 = p + 7. Let t be -1*(p - (1 + -2)). Let j(h) = 0 + 4*h**2 - h**t + 0 - 2 + h. Give j(4).
2
Suppose -f + 9 = 4*t, 5*f - 6*t = -2*t + 45. Let z(g) = -2*g + 8. Give z(f).
-10
Let k(x) = 3*x**2 - 149*x**3 - 1 + 3*x + 1 + 148*x**3. Determine k(4).
-4
Let f(t) = t**2 + 5*t - 5. Let w be f(-6). Let d = 6 - w. Let x = d - 8. Let n(r) = r**2 - r - 4. Calculate n(x).
8
Suppose 0 = h - 2. Suppose -p = -3*o + 1, -5*o + 3*p + 4 = 9. Let b(s) = 2*s**2 - 3*s**o + s + 3*s**h - s**2 - 5. Determine b(-4).
7
Suppose 0*x = -3*x. Suppose 4*f + 5*r = 5*f + 10, x = 3*f + r - 18. Let o(k) = k**2 - 5*k - 6. Give o(f).
-6
Suppose 0 = x + 2*y - 3 + 9, -5*y = 3*x + 19. Let k be (-21)/12 - (-2)/x. Let n(t) = 4*t + 1. Give n(k).
-7
Suppose 0*q + 4*o + 15 = q, 0 = 2*q + 2*o. Let s(t) = -5*t - 3. Calculate s(q).
-18
Let z(j) = j + 6. Suppose -2*o + 6 = -o. Let f be -1*(-3)/o*0. What is z(f)?
6
Let d be ((-2)/4)/((-2)/4). Let u(y) = -3*y**2 + y. Determine u(d).
-2
Let n(a) be the second derivative of -a**3/3 + 9*a**2/2 - 52*a. Determine n(6).
-3
Let g(y) be the third derivative of y**4/24 + y**3/2 + y**2. Let x = 319 + -315. Give g(x).
7
Suppose -2*c = 2*h + 4, 0 = -c + 3*h - 8*h - 14. Let r(j) be the third derivative of -j**6/120 - j**5/30 + j**3/6 - 36*j**2. Give r(c).
-2
Let h(o) = -o + 1. Let k(u) = 13. Let n(g) = 13*h(g) - k(g). Let b(y) = -3*y. Let z(r) = -9*b(r) + 2*n(r). Determine z(6).
6
Suppose 4*w = -5 - 19. Let o = -20 + 25. Let v(p) = -p**3 + 2*p**2 - 4*p + 8. Let u(s) = -s**3 + s**2 - 3*s + 7. Let z(t) = o*v(t) + w*u(t). What is z(-4)?
6
Let y be ((-18)/4)/(3/(-8)). Let i = 12 - y. Let h(t) = -t**2 + t - 3. Determine h(i).
-3
Let t(h) be the third derivative of -h**6/120 + h**5/20 + h**4/8 - h**3/3 - 3*h**2. Let m be 1 + 0 + -2 + 0. Let x = m - -3. Calculate t(x).
8
Let f(u) = u**2 + u - 1. Let k(b) = b**2 - 4*b + 1. Let z(o) = 12*o**3 + o - 1. Let d be z(1). Suppose -s - d = -4*s. Let r be k(s). What is f(r)?
1
Suppose 0*d - 12 = -2*d. Suppose 0 = q - 0*q - 3*z - 2, 2*q - 3*z = 4. Suppose 0 = 7*x - d*x + q. Let v(h) = -h**3 + h - 1. Calculate v(x).
5
Let j(z) = -z + 4. Let h be j(0). Suppose -h*a = -1 - 15. Let s(r) = 4 + r**3 - 11*r**2 + 8*r**2 - 4*r - 7. Give s(a).
-3
Suppose 0 = 2*s + 3*s + 4*f + 9, 2*s = -f - 6. Let a(y) = 4*y - 4. Determine a(s).
-24
Let h(v) be the first derivative of -v**5/120 - v**4/12 - 5*v**3/3 - 2. Let q(s) be the third derivative of h(s). Give q(-6).
4
Suppose 0 = 4*l - 5*l. Let g(q) = -q + 3. Determine g(l).
3
Suppose 10 = 4*a + 5*l, -4*l = 4*a - 9*l - 30. Let t(w) = -w**3 + 4*w**2 + 4*w + 5. Determine t(a).
0
Let b(d) = d - 6. Let h be b(8). Let q(j) = h*j + 2 - 3*j - j. Suppose -4*w = -6*w - 4. Calculate q(w).
6
Let t(s) = 1 - s + 4*s - 7*s + 6*s. Let w be 3 - -1 - 0/2. Suppose -2*y + 4*q = 0, -4*q - 1 = -w*y + 3. Calculate t(y).
5
Let d(c) be the first derivative of 5*c**3/6 + c**2 + 3*c + 1. Let l(y) be the first derivative of d(y). Determine l(-2).
-8
Suppose -v = q - 3 + 2, -5*v + 3 = 4*q. Let d(i) = -2*i**3 - 1. Determine d(v).
1
Let y(j) be the second derivative of -j**5/20 + 7*j**4/12 - 7*j**3/6 - 5*j**2/2 - 2*j + 29. Let v(k) = 3*k - 3. Let s be v(3). Calculate y(s).
-11
Let t(q) = -q**3 + 5*q**2 - 2*q - 5. Let d(z) = 2*z + 14. Let l be d(-5). Determine t(l).
3
Let u = 31 - 31. Let i(b) = b**3 - b - 1. Calculate i(u).
-1
Let s be (-22)/(-12) - 1/(-6). Let c(a) = a + 4 - 2*a**2 + 0*a**2 + a**3 - 2*a**s. Let m be (-18)/(-4) + (-1)/2. Give c(m).
8
Let n(f) = 28*f**2 + 4*f + 4. Let s(c) = -9*c**2 - c - 1. Suppose 3*b + 21 = 3*g, -2*b = 3*b - g + 35. Let l(o) = b*s(o) - 2*n(o). Determine l(-1).
7
Suppose 0 = -4*h + 7*h. Let t(i) = -i**3 - i**2 - i + 7. What is t(h)?
7
Suppose 2*z + z + 3*q - 9 = 0, 4*q = z - 13. Suppose -c = 7 - z. Let b(k) = -k**3 + 2*k**2 + 3*k. What is b(c)?
10
Let k(d) be the third derivative of -d**4/24 + d**3/6 - 5*d**2. What is k(6)?
-5
Let w(d) = 3*d**3 + 5*d**2 - 8*d + 1. Let o(l) = 5*l**3 + 10*l**2 - 15*l + 2. Let q(b) = 4*o(b) - 7*w(b). Determine q(3).
7
Let q(n) be the third derivative of -n**8/6720 + n**7/504 - n**6/720 - n**5/60 - 5*n**4/24 - 3*n**2. Let g(w) be the second derivative of q(w). What is g(5)?
-7
Suppose y + g - 1 + 0 = 0, -3 = -2*y - 3*g. Let q(h) = h**3 + h - 10. Calculate q(y).
-10
Let n(f) = f**2 + 7*f + 2. Let i be -12 - -10 - 3*1. What is n(i)?
-8
Let g(i) = -2*i - 2. Suppose h - 6*h + 10 = 0, 4*h = -5*q + 8. Let v be -1 - (0 - q - -1). What is g(v)?
2
Let a(r) be the third derivative of r**4/3 - r**3/6 - r**2. Suppose -3*n + n + j + 4 = 0, -2*j - 4 = 0. Give a(n).
7
Let v(l) = 14*l + 0*l**2 + 0*l**2 + l**2 - 18*l. Determine v(3).
-3
Let m(q) be the second derivative of -q**6/90 - q**3/6 - 2*q. Let j(o) be the second derivative of m(o). Determine j(-1).
-4
Suppose 4*y = -y - 20. Let h(u) = -u**3 - 4*u**2 - u. Let n be h(y). Let p be (2/2 - -1) + n. Let i(s) = s**2 - 7*s. Determine i(p).
-6
Let o be -2 - -4 - 0 - 0. Let p(x) = -6*x**o + 0*x**2 + 16*x**2. Let y be 2/(-6*(-4)/12). Determine p(y).
10
Let b be (-6)/(-15)*5*(-2 + 1). Let q(l) = -l**3 - l**2 + l - 1. Calculate q(b).
1
Let g(v) = v**2 - 6*v - 8. Let y be g(7). Let h be 3 + 0/(y + 4). Let d(k) = k + 2*k**2 - 2*k**h - 3 + 1 + 2*k. Calculate d(2).
-4
Let a(o) = -o**2 + o + 1. Let k(z) = 3*z**2 - 11*z - 4. Let r(t) = 4*a(t) + k(t). Calculate r(-8).
-8
Let c(v) = -3*v**2 - 8*v - 5. Let b(x) = 4*x**2 + 8*x + 4. Let s(q) = 2*b(q) + 3*c(q). Let k be s(-7). Let d(g) = -g + 1. Calculate d(k).
1
Let i(t) be the third derivative of t**4/24 - t**3/3 - 9*t**2. What is i(0)?
-2
Let p = 7 + -6. Let c be 3/p - (4 - 4). Let b(g) = -5*g**2 + 6*g + 3*g**3 - 7 - g**3 - c*g**3. Give b(-6).
-7
Let i(c) = c**3 + c**2 + 2. Suppose 3*l + 6 = 0, -2*p - 10 = -3*p + 5*l. Calculate i(p).
2
Let j(w) = w**3 - 4*w**2 - 7*w + 4. Let o = 99 + 12. Suppose 0 = -2*z - 2*h + 80, -3*z + 2*h + o = -19. Let b be z/8 - (-2)/(-8). Determine j(b).
-6
Let g = 31 + -34. Let f(a) = 2*a + 4. Calculate f(g).
-2
Let q(f) = -f**2 - 6*f + 1. Let t be q(-7). Let p = t + 8. Let z(l) = -3*l. Let o(g) = -g**2 + 3*g. Let h(a) = -3*o(a) - 2*z(a). What is h(p)?
6
Let k be 72/33 + 4/(-22). Let b(v) = -k + 0 + 4 - v - v. Let g(r) = -r**3 - 3*r**2 + 4*r + 3. Let d be g(-4). Calculate b(d).
-4
Suppose -2*q - 2 = -0*q. Let p(r) be the first derivative of 2*r**3 - r + 5. Calculate p(q).
5
Let w(h) = -h**2 + 4*h + 6. Let d(b) = -3*b**2 + 7*b + 12. Suppose -r + 6 = 2*r. Let m(j) = r*d(j) - 5*w(j). Determine m(-5).
-1
Let w(t) = -4*t**2 - 17*t + 3. Let p(q) = 2*q**2 + 9*q - 2. Let x(u) = -5*p(u) - 3*w(u). Calculate x(-4).
9
Let q(i) = -i**3 - 6*i**2 + 6*i - 6. Let y be q(-7). Suppose 2*o - y = -7. Let w(r) = r**2 + r + 1. Give w(o).
7
Let j(z) be the second derivative of -z**4/12 - z**3/6 - 3*z**2/2 - 4*z. Let d(r) be the first derivative of j(r). Determine d(-2).
3
Let q(d) = -2*d + 3. Let w(z) = z**2 + z - 5. Let v = -9 - -5. Let t be w(v). Let a = t + -5. What is q(a)?
-1
Let g(d) = d + 1. Let k(j) = -7*j - 3. Let u(o) = 6*g(o) + k(o). Determine u(5).
-2
Let u(p) = 13*p + 1. Let t(f) be the third derivative of -f**4/8 + f**2. Let w(n) = -9*t(n) - 2*u(n). Calculate w(4).
2
Let n(f) = f - 2. Let k be n(3). Supp